756 a multiple of 72?
False
Does 83 divide 63861860?
True
Is 12471332 a multiple of 181?
False
Does 31 divide 170883444?
False
Is 1611792071 a multiple of 15?
False
Is 39 a factor of 5846022?
True
Is 71 a factor of 7139656?
False
Is 4189 a factor of 490586357?
True
Is 253 a factor of 1767839524?
True
Does 8 divide 1156266872?
True
Is 807101 a multiple of 102?
False
Does 6 divide 18269196?
True
Is 603 a factor of 266831976?
False
Does 147 divide 246076089?
True
Is 133 a factor of 6821969?
True
Does 10 divide 15462390?
True
Does 47 divide 13222980?
True
Does 3916 divide 92742628?
True
Is 116994306 a multiple of 6?
True
Is 30 a factor of 5254063920?
True
Is 56 a factor of 291499626?
False
Does 6 divide 152141622?
True
Does 401 divide 916406904?
True
Does 49 divide 315633745?
True
Does 40 divide 135868066?
False
Is 19 a factor of 4314007?
True
Is 600 a factor of 3160516618?
False
Does 1353 divide 592125998?
False
Is 374786012 a multiple of 391?
True
Is 5783525 a multiple of 55?
True
Is 14 a factor of 24852660?
True
Is 31299427 a multiple of 57?
False
Does 116 divide 179205884?
False
Is 1101772246 a multiple of 9?
False
Does 312 divide 3409939805?
False
Is 774259488 a multiple of 537?
True
Is 15314072 even?
True
Does 499 divide 14411619?
True
Is 46137856 a multiple of 351?
False
Is 9063462 a multiple of 4?
False
Is 2265 a factor of 578619165?
True
Does 31 divide 693509215?
True
Does 896 divide 106601217?
False
Does 14 divide 72360442?
True
Is 73 a factor of 868026201?
False
Is 33253200 a multiple of 185?
False
Does 11 divide 118617455?
True
Does 19 divide 415987387?
True
Is 228 a factor of 40146468?
True
Is 66896854 a multiple of 7?
False
Does 12 divide 463924084?
False
Is 3857 a factor of 107320880?
False
Is 1441959533 a multiple of 222?
False
Does 8 divide 41010984?
True
Is 149565600 a multiple of 800?
True
Does 133 divide 58454799?
False
Does 325 divide 118428388?
False
Is 115119140 a multiple of 4250?
False
Does 11 divide 568014502?
True
Does 81 divide 93523090?
False
Is 267964995 a multiple of 119?
False
Is 119 a factor of 48908524?
True
Is 46124208 a multiple of 2808?
True
Does 49 divide 16727669?
True
Does 2206 divide 12465900?
False
Is 403 a factor of 1244730824?
False
Is 102383721 even?
False
Is 1397 a factor of 1364778414?
False
Is 50 a factor of 836590593?
False
Is 236673912 a multiple of 28?
False
Is 39790835 a multiple of 105?
False
Is 432468 a multiple of 9?
True
Does 17 divide 86957?
False
Does 34 divide 195840306?
True
Does 29 divide 308481562?
False
Is 250 a factor of 30034250?
True
Is 263623690 a multiple of 338?
False
Does 396 divide 61657572?
False
Is 1199 a factor of 42960091?
False
Is 227096932 a multiple of 263?
False
Does 233 divide 42984306?
True
Does 11 divide 3268749?
True
Does 478 divide 296392504?
True
Is 524065302 a multiple of 1731?
False
Is 2 a factor of 146120941?
False
Does 1407 divide 4410945?
True
Is 170589296 a multiple of 944?
True
Is 6919539 a multiple of 38?
False
Does 5 divide 76776774?
False
Is 33 a factor of 243333255?
True
Is 750 a factor of 48180336?
False
Is 4204 a factor of 2694133400?
True
Does 3 divide 20928519?
True
Does 5551 divide 2607981922?
True
Is 6917 a factor of 191542516?
False
Does 14263 divide 4023711136?
False
Is 16 a factor of 177059472?
True
Does 44 divide 4135449?
False
Is 14 a factor of 63903947?
False
Does 67 divide 58550161?
True
Does 175 divide 692705068?
False
Does 156 divide 68288098?
False
Is 373370121 a multiple of 2?
False
Is 40453868 a multiple of 206?
True
Does 6191 divide 596552378?
True
Is 19 a factor of 71628610?
False
Is 430347532 a multiple of 12?
False
Does 20 divide 55865410?
False
Is 150 a factor of 8919261?
False
Is 283609322 a multiple of 95?
False
Is 26 a factor of 630365276?
False
Is 1517852460 a multiple of 1409?
False
Is 695 a factor of 1288511235?
True
Is 75 a factor of 293298000?
True
Is 9774624 a multiple of 464?
True
Is 12 a factor of 1213570608?
True
Does 27 divide 27982962?
True
Is 6 a factor of 48872395?
False
Is 2218518755 a multiple of 447?
False
Is 2231 a factor of 67197720?
True
Does 182 divide 73382380?
False
Is 24 a factor of 198327528?
True
Does 21 divide 41179721?
False
Does 9 divide 1473645807?
True
Is 23 a factor of 3238423?
True
Does 12 divide 61669908?
True
Does 12 divide 6657476?
False
Is 13 a factor of 35309366?
False
Does 431 divide 29874765?
True
Is 482 a factor of 791120256?
False
Is 1219278618 a multiple of 18?
True
Is 16 a factor of 864694906?
False
Does 27 divide 4549782610?
False
Is 6700830 a multiple of 10?
True
Is 18800787 a multiple of 894?
False
Is 74647085 a multiple of 389?
False
Is 101 a factor of 57570169?
False
Is 124599210 a multiple of 1830?
True
Does 1324 divide 508404084?
True
Is 374538879 a multiple of 143?
True
Is 20 a factor of 125623350?
False
Is 57 a factor of 552701085?
False
Is 135338680 a multiple of 357?
False
Does 85 divide 134543440?
True
Does 105 divide 4089449435?
False
Is 346545646 a multiple of 1169?
False
Does 477 divide 694013535?
True
Does 70 divide 1759342060?
True
Does 412 divide 65679604?
False
Does 628 divide 355129189?
False
Is 52 a factor of 144864109?
False
Does 1163 divide 778402170?
False
Is 25 a factor of 24237764?
False
Does 4 divide 50929291?
False
Is 156501891 a multiple of 21?
True
Is 18071921 a multiple of 427?
True
Is 28 a factor of 68152336?
True
Is 27 a factor of 538161921?
True
Is 354952228 a multiple of 268?
False
Is 20445919 a multiple of 61?
True
Does 133 divide 9004898?
True
Is 14101022 a multiple of 26?
True
Is 30580469 a multiple of 29?
False
Does 205 divide 18323105?
True
Is 64991681 a multiple of 251?
True
Is 285780552 a multiple of 2566?
True
Does 170 divide 292160300?
True
Is 81030266 a multiple of 226?
True
Is 2 a factor of 1654905?
False
Does 34 divide 1977182008?
True
Is 1865416204 a multiple of 113?
True
Is 25 a factor of 6488013?
False
Is 95273166 a multiple of 218?
False
Is 750 a factor of 31228410?
False
Does 12 divide 45022643?
False
Is 210149712 a multiple of 1656?
True
Is 331753829 a multiple of 227?
False
Is 17787714 a multiple of 94?
True
Is 4 a factor of 18434116?
True
Is 648349054 a multiple of 4?
False
Is 1418 a factor of 294409414?
True
Does 133 divide 281800307?
False
Does 20 divide 21846700?
True
Is 44 a factor of 611353257?
False
Is 975 a factor of 444690675?
True
Is 129485 a multiple of 145?
True
Is 88 a factor of 42528024?
True
Is 43 a factor of 65302906?
False
Does 2940 divide 1477273560?
True
Is 43353039 a multiple of 5?
False
Is 43090540 a multiple of 8?
False
Is 7609041 a multiple of 9?
True
Does 188 divide 2755432241?
False
Is 685995631 a multiple of 23?
True
Is 25 a factor of 46035275?
True
Is 65 a factor of 3636461?
False
Is 175 a factor of 41347728?
False
Is 31 a factor of 81703476?
True
Does 913 divide 1737543704?
False
Is 222 a factor of 255195763?
False
Does 37 divide 11649931?
True
Is 116 a factor of 23055696?
True
Does 573 divide 732523226?
False
Is 27 a factor of 1318863946?
False
Does 2129 divide 249265449?
True
Is 271389170 a multiple of 82?
False
Is 47 a factor of 139410374?
False
Is 37013994 a multiple of 9?
True
Does 191 divide 970862741?
True
Is 49 a factor of 16420032?
False
Does 1326 divide 6709560?
True
Is 7 a factor of 12154881?
False
Is 123558140 a multiple of 7?
False
Does 3081 divide 105356236?
False
Is 221173738 a multiple of 21?
False
Is 228259200 a multiple of 640?
True
Is 2333240372 a multiple of 1980?
False
Is 132098844 a multiple of 112?
False
Does 53 divide 514781315?
True
Does 61 divide 2440558621?
False
Does 50 divide 824688011?
False
Is 1085172992 a multiple of 2432?
True
Does 81 divide 50863059?
True
Is 738271200 a multiple of 20?
True
Is 150924781 even?
False
Is 2429603 a multiple of 37?
False
Does 91 divide 107135847?
True
Is 407 a factor of 100416101?
False
Is 530 a factor of 80597230?
False
Does 5 divide 57054520?
True
Is 15 a factor of 476517309?
False
Is 71215714 a multiple of 11?
False
Is 41 a factor of 448095314?
True
Does 4506 divide 302749128?
True
Does 68 divide 15031468?
True
Is 13 a factor of 4280779?
False
Does 184 divide 63106150?
False
Does 1692 divide 17199434?
False
Is 2 a factor of 24879814?
True
Does 44 divide 205360260?
False
Is 89648940 a multiple of 1670?
True
Does 333 divide 2055555491?
F